, what is 46d + 4?
472
In base 9, what is 7 - 110?
-102
In base 14, what is 171 - 0?
171
In base 16, what is -2 + 61?
5f
In base 16, what is -1f + 25?
6
In base 11, what is -130a + -2?
-1311
In base 8, what is -46 - -12?
-34
In base 10, what is 0 + 23?
23
In base 14, what is -c9 - 2?
-cb
In base 2, what is 110 + 1100100?
1101010
In base 2, what is 11110111 - -1?
11111000
In base 2, what is 111110000 + -1110?
111100010
In base 16, what is cd - 0?
cd
In base 8, what is 714 + 3?
717
In base 5, what is -3400 + -2?
-3402
In base 6, what is -511 + 0?
-511
In base 8, what is -101 + 20?
-61
In base 12, what is -1850 + 3?
-1849
In base 13, what is 560 + -4?
559
In base 2, what is 11001 + 10100100?
10111101
In base 16, what is 5 + 1a0e?
1a13
In base 14, what is -7 + -119?
-122
In base 2, what is 1001110 - 0?
1001110
In base 16, what is 7 + 0?
7
In base 9, what is 10 + -10?
0
In base 8, what is 0 + 17771?
17771
In base 3, what is 2 - -200?
202
In base 13, what is -31 + -1c?
-50
In base 4, what is 12211120 + -11?
12211103
In base 4, what is -2222222 + 1?
-2222221
In base 9, what is 3477 - 2?
3475
In base 12, what is 3 - 3a?
-37
In base 14, what is -2 + 53?
51
In base 9, what is 1 + 56?
57
In base 8, what is 4172 - 0?
4172
In base 12, what is 757 - 6?
751
In base 8, what is -100230 - 0?
-100230
In base 3, what is 200 + 21?
221
In base 10, what is -2319 + 1?
-2318
In base 16, what is -5 - -86?
81
In base 9, what is 33 + 2?
35
In base 6, what is 1 - -114?
115
In base 7, what is -5 + -403?
-411
In base 7, what is -12624 + 2?
-12622
In base 6, what is -115345 + -3?
-115352
In base 2, what is -10010101000 + 100?
-10010100100
In base 2, what is 10 - 1000001110?
-1000001100
In base 14, what is -15 - -b?
-8
In base 7, what is -12 - 41?
-53
In base 11, what is -107 + 40?
-77
In base 15, what is 6 - -13?
19
In base 2, what is 100 + -101110001000?
-101110000100
In base 14, what is -727 + -6?
-72d
In base 14, what is -1 + -6c?
-6d
In base 14, what is 3 - 6?
-3
In base 3, what is 2012201202 - 1?
2012201201
In base 7, what is -25 - -43?
15
In base 15, what is 37 - -1?
38
In base 11, what is -223 - 3?
-226
In base 2, what is -100 + -101001110?
-101010010
In base 16, what is -4 + -19f?
-1a3
In base 16, what is 5 + 7?
c
In base 8, what is 2 + -1264?
-1262
In base 8, what is 24 - -5?
31
In base 5, what is 34 + 13?
102
In base 2, what is -1101 + 11000100?
10110111
In base 16, what is -4 + -69?
-6d
In base 15, what is -4 + -42?
-46
In base 16, what is -13 - 2?
-15
In base 9, what is 57 + 3?
61
In base 10, what is 570 - 3?
567
In base 2, what is -1101100101 + 1?
-1101100100
In base 6, what is 401 - -24?
425
In base 6, what is 2314 + -2?
2312
In base 7, what is 30 - -10?
40
In base 8, what is -452 + 43?
-407
In base 12, what is -3 - 1b?
-22
In base 2, what is 101 - 11000110001?
-11000101100
In base 9, what is 3003 + 5?
3008
In base 10, what is 3 - -101?
104
In base 5, what is 212 + 102?
314
In base 15, what is -25 + -1?
-26
In base 7, what is 0 - -13600?
13600
In base 11, what is -13 + 252?
23a
In base 9, what is -18 - -3?
-15
In base 5, what is -412 - -1?
-411
In base 4, what is 3 + -1202?
-1133
In base 12, what is a - -6?
14
In base 12, what is -820b + -1?
-8210
In base 10, what is 1 + -57?
-56
In base 15, what is 26a - 3?
267
In base 3, what is 201 + -11021?
-10120
In base 9, what is -8 - -655?
646
In base 4, what is 0 + -22100?
-22100
In base 9, what is 1423 - 2?
1421
In base 9, what is 3 + -61?
-57
In base 10, what is -18 + 180?
162
In base 9, what is -2 - 7?
-10
In base 7, what is 21 + -132?
-111
In base 16, what is 40 - 13?
2d
In base 4, what is -1000 + 11?
-323
In base 16, what is 65 - -2?
67
In base 7, what is -34 + 265?
231
In base 8, what is 152 - 224?
-52
In base 14, what is -8 - d93?
-d9b
In base 6, what is 4 + 142?
150
In base 7, what is -33 + -6?
-42
In base 5, what is -3 + -1000?
-1003
In base 5, what is -12231 + 2?
-12224
In base 14, what is -119 - -4?
-115
In base 6, what is -35 - -1?
-34
In base 16, what is 2 - -8b5?
8b7
In base 10, what is 12 + -7?
5
In base 2, what is -101 - -1101000?
1100011
In base 6, what is -233 + -4?
-241
In base 16, what is -108 + 0?
-108
In base 6, what is -400 + 10?
-350
In base 9, what is 562 - 3?
558
In base 13, what is -436 + 1?
-435
In base 14, what is 27 - 17?
10
In base 16, what is e9e + 4?
ea2
In base 6, what is -142022 - -5?
-142013
In base 12, what is 101 + -6?
b7
In base 5, what is 23400 + 2?
23402
In base 6, what is 15202 + 5?
15211
In base 5, what is -33 + -3114?
-3202
In base 15, what is -172 + -2?
-174
In base 4, what is -13 + -2021?
-2100
In base 8, what is 13 - -4?
17
In base 3, what is 0 - 101001?
-101001
In base 10, what is -54 + -109?
-163
In base 14, what is -7d + 5?
-78
In base 13, what is 2 - -33?
35
In base 3, what is -121 + 1122?
1001
In base 9, what is -5 - 15?
-21
In base 9, what is 373 - 5?
367
In base 13, what is -487 - -1?
-486
In base 12, what is -1080b - -5?
-10806
In base 4, what is -10 + -12230?
-12300
In base 16, what is 5 + -a0?
-9b
In base 3, what is 0 + -1002?
-1002
In base 15, what is -13d2 - -4?
-13cd
In base 9, what is 2 + 34?
36
In base 13, what is 4 - 200?
-1c9
In base 13, what is 383 - -5?
388
In base 11, what is 5 - 4389?
-4384
In base 4, what is -111 + 23323?
23212
In base 4, what is -21331 - 2?
-21333
In base 3, what is -2 + -1122?
-1201
In base 16, what is 10 + -13?
-3
In base 4, what is -11223 + -3?
-11232
In base 13, what is -2b - c8?
-126
In base 6, what is 44205 - 5?
44200
In base 8, what is 12 - -1520?
1532
In base 16, what is -3 + 77a?
777
In base 3, what is 10 - -1210?
1220
In base 16, what is -5 - -29?
24
In base 13, what is 513 - -3?
516
In base 10, what is -2426 + 1?
-2425
In base 15, what is 795 + 0?
795
In base 3, what is 20 - -11111122?
11111212
In base 10, what is -28 + -2?
-30
In base 8, what is 4 + -31?
-25
In base 15, what is -51 - -1?
-50
In base 5, what is 401 + -321?
30
In base 6, what is -1 + 121?
120
In base 4, what is -101 + -2300?
-3001
In base 10, what is 0 + -1483?
-1483
In base 13, what is 0 - -166?
166
In base 13, what is -4 - 2b?
-32
In base 12, what is -1 + -32a?
-32b
In base 11, what is -2a6 + 5?
-2a1
In base 12, what is 414 + 1?
415
In base 7, what is 3 - -22?
25
In base 7, what is 4 - 124?
-120
In base 8, what is -2 + -24115?
-24117
In base 5, what is 1430 + -10?
1420
In base 16, what is -1af + 2?
-1ad
In base 5, what is 220223 - -3?
220231
In base 4, what is 0 - 1211?
-1211
In base 13, what is 7c9 - -1?
7ca
In base 16, what is -a + -4d?
-57
In base 4, what is -1330 - 202?
-2132
In base 4, what is -102 + -112?
-220
In base 7, what is -1 + -215?
-216
In base 11, what is -6 - -6a?
64
In base 12, what is -1b2 + -2?
-1b4
In base 10, what is -1892 - -4?
-1888
In base 3, what is -11 + 1022?
1011
In base 3, what is 1202220 - -21?
1210011
In base 8, what is -1 + 3264?
3263
In base 14, what is 271 - -3?
274
In base 16, what is 0 - -23e?
23e
In base 5, what is 21 + 1422?
1443
In base 15, what is -4 - d9?
-dd
In base 10, what is 18 - -7?
25
In base 6, what is -1 + 1241?
1240
In base 14, what is 33 + 20?
53
In base 13, what is 4 + 27?
2b
In base 16, what is -3 + -91?
-94
In base 5, what is 10 + -43?
-33
In base 8, what is 4141 - -1?
4142
In base 16, what is 6 - -1?
7
In base 3, what is 12210 - 1?
12202
In base 2, what is -100 - 1010111101?
-1011000001
In base 15, what is 16 - 2c7?
-2b1
In base 16, what is -ea + 4?
-e6
In base 13, what is -1 + -7?
-8
In base 6, what is -22 + 0?
-22
In base 4, what is 1322 + -201?
1121
In base 3, what is -102201 + 10?
-102121
In base 13, what is 28b + 4?
292
In base 7, what is 100 + -2?
65
In base 12, what is -705 - 2?
-707
In base 3, what is -12 - -20001?
12212
In base 5, what is -124 + 104?
-20
In base 13, what is -1170 - -3?
-116a
In base 5, what is 3301341 - 3?
3301333
In base 10, what is -56 + -6?
-62
In base 11, what is 34 - -7?
40
In base 15, what is -1 + 46a?
469
In base 6, what is 2 - -2041?
2043
In base 6, what is -23 + -10?
-33
In base 16, what is -9 + -1?
-a
In base 14, what is -2c + 5?
-27
In base 11, what is -724 + -4?
-728
In base 2, what is -100 + -1010010000?
-1010010100
In base 10, what is -37 + 7?
-30
In base 8, what is 21762 + -2?
21760
In base 12, what is 213 - -2?
215
In base 3, what is 22 + 121011?
121110
I